- 30007. Calculate o(-22).
265
Let h(t) = 24153*t + 48325. What is h(-2)?
19
Let a(u) = 5*u**3 - 14*u**2 + 665*u + 2626. Calculate a(-4).
-578
Let f(y) = -5*y**2 - 462*y - 9747. What is f(-58)?
229
Let x(q) = -54*q**3 + 70*q**2 - 121*q - 30. Give x(2).
-424
Let p(t) = -t**3 + 24*t**2 - 150*t - 391. What is p(8)?
-567
Let k(a) = 8993*a + 566563. Calculate k(-63).
4
Let q(j) = 291*j + 98380. What is q(-338)?
22
Let d(n) = n**2 - 385*n - 13. Determine d(0).
-13
Let j(g) = -2*g**3 - 275*g**2 - 1482*g + 28958. Determine j(-131).
7
Let w(v) = v**3 - 4*v**2 - 21*v + 58. Determine w(-5).
-62
Let g(c) = -14*c**2 + 945*c + 9627. What is g(-9)?
-12
Let s(f) = f**2 + 209034*f - 1881390. Give s(9).
-3
Let j(n) = n**3 - 337*n**2 + 1776*n - 577. Calculate j(5).
3
Let s(g) = g**3 - 194*g**2 - 394*g + 391. What is s(196)?
-1
Let m(j) = j**3 - 42*j**2 - 743*j + 32966. Calculate m(40).
46
Let c(a) = 3*a**3 + 142*a**2 - 702*a + 1255. Give c(-52).
-97
Let w(q) = 3181*q + 116720. What is w(-37)?
-977
Let o(w) = 6948*w - 673956. Calculate o(97).
0
Let n(v) = 2*v**2 - 1636*v + 21044. What is n(13)?
114
Let d(h) = h**3 - 329*h**2 + 2576*h - 2562. Calculate d(321).
6
Let u(t) = -25*t**2 + 1016*t + 274. Determine u(41).
-95
Let y(g) = 9434*g - 65730. Give y(7).
308
Let w(a) = -71*a - 3388. Give w(-57).
659
Let y(d) = 1100*d + 45293. Determine y(-41).
193
Let w(j) = j**2 - 27510*j + 1263262. Give w(46).
-82
Let v(a) = -a**3 - 1430*a**2 + 111289*a + 545. Determine v(74).
27
Let f(a) = 3*a**2 + 1302*a - 960411. Calculate f(389).
30
Let w(n) = 20*n**2 - 5070*n + 172511. Calculate w(213).
-19
Let o(b) = -76535*b - 306262. Determine o(-4).
-122
Let f(o) = -5641*o + 236869. Calculate f(42).
-53
Let b(k) = -22*k**2 + 859*k + 8274. Give b(-8).
-6
Let u(b) = 3*b**3 + 496*b**2 - 838*b - 677. Calculate u(-167).
-176
Let q(u) = -231*u + 1447. What is q(11)?
-1094
Let n(r) = 2924*r - 277766. Give n(95).
14
Let i(w) = -w**3 + 144*w**2 - 1086*w - 296. Determine i(136).
-24
Let h(s) = 2620*s + 94250. Determine h(-36).
-70
Let r(s) = 13533*s + 9243043. Determine r(-683).
4
Let g(h) = 2*h**2 - 623*h - 196842. Determine g(506).
-8
Let g(o) = o**3 + 12*o**2 - 55*o - 852. What is g(-19)?
-2334
Let k(s) = 153*s - 146. What is k(0)?
-146
Let t(x) = -115222*x - 2073974. Determine t(-18).
22
Let s(x) = 108*x**2 - 1659*x + 590. Calculate s(15).
5
Let k(f) = -5*f**2 - 288*f + 4951. Determine k(14).
-61
Let z(l) = -1325*l**2 + 15926*l - 315. Determine z(12).
-3
Let d(n) = -n**3 - n**2 + 1864*n + 3721. Give d(-2).
-3
Let v(o) = 16*o**2 + 11635*o + 13815. What is v(-726)?
21
Let k(q) = -q**2 - 6503*q + 176341. Calculate k(27).
31
Let l(p) = -13*p**2 + 3882*p + 2397. Give l(299).
902
Let f(h) = 103048*h - 618279. Determine f(6).
9
Let s(q) = q**3 - 43*q**2 - 41*q - 415. Determine s(44).
-283
Let f(c) = 2*c**3 - 76*c**2 + 553*c - 84. Determine f(9).
195
Let u(g) = 47539*g - 618010. What is u(13)?
-3
Let q(p) = -732*p - 188820. Determine q(-258).
36
Let m(j) = j**3 - 602*j**2 + 1169*j - 1068524. Calculate m(603).
-8
Let k(w) = -7*w**3 + 1385*w**2 + 206*w - 634. Calculate k(198).
950
Let c(i) = -6*i**2 + 3725*i + 41113. Calculate c(-11).
-588
Let b(u) = -10*u**3 - 10*u**2 + 41*u + 46. Give b(-2).
4
Let c(h) = -13*h**2 - 391*h - 2043. What is c(-6)?
-165
Let l(t) = -14*t**2 + 125*t + 70. Give l(11).
-249
Let l(y) = -57*y**3 + 355*y - 706. Determine l(2).
-452
Let n(m) = 3439*m + 2235367. Calculate n(-650).
17
Let r(w) = w**3 + 31*w**2 - 2*w + 3455. Give r(-34).
55
Let c(m) = -208*m**2 - 184*m + 19. Calculate c(-4).
-2573
Let c(g) = -2*g**3 + 413*g**2 + 178*g + 6024. Determine c(207).
21
Let f(j) = -j**2 - 2451*j - 102774. Calculate f(-43).
770
Let c(w) = 13*w**2 - 36*w + 64. Determine c(6).
316
Let v(n) = n**3 - 377*n**2 - 1379*n + 90831. What is v(380)?
11
Let j(f) = -80241*f**2 - 1123371*f + 36. Calculate j(-14).
-6
Let n(r) = 25*r - 610. Determine n(28).
90
Let h(v) = 2*v**3 + 64*v**2 + 693*v + 102. What is h(-12)?
-2454
Let c(u) = 50*u + 31887. Determine c(-638).
-13
Let f(h) = -5*h**3 + 576*h**2 - 3279*h - 1. What is f(6)?
-19
Let h(j) = -2*j**3 + 4*j**2 - 17*j + 3. Calculate h(-8).
1419
Let y(x) = -5*x**3 - 50*x**2 + 58*x + 1114. Calculate y(-8).
10
Let b(l) = -356*l + 111778. Give b(314).
-6
Let j(s) = -1024*s - 395152. Determine j(-386).
112
Let p(x) = 25283*x + 581628. Calculate p(-23).
119
Let o(m) = 19*m**2 - 15*m + 1517. Calculate o(0).
1517
Let z(r) = 136671*r - 1230023. What is z(9)?
16
Let q(y) = 2*y**2 + 23943*y + 334799. Calculate q(-14).
-11
Let l(z) = -678*z - 3232. Give l(-3).
-1198
Let d(g) = g**3 - 285*g**2 - 930*g + 102112. Calculate d(287).
-60
Let j(b) = -23*b**2 - 203*b + 2674. Calculate j(-16).
34
Let o(d) = -10*d**2 - 120*d + 38. Determine o(5).
-812
Let p(d) = -900*d - 436703. What is p(-485)?
-203
Let b(n) = -935*n + 23439. What is b(25)?
64
Let p(w) = -2429*w**2 + 629110*w + 269. Determine p(259).
10
Let r(b) = -2*b**2 - 4969*b - 44582. Determine r(-9).
-23
Let s(m) = 224*m + 3048. Determine s(-9).
1032
Let r(v) = -125*v**3 + 884*v**2 - 95*v + 228. Calculate r(7).
4
Let k(g) = -33*g**2 + 220*g + 1059. Determine k(-5).
-866
Let q(o) = o**2 - 148*o + 4202. Calculate q(116).
490
Let q(t) = 172*t + 10388. Determine q(-62).
-276
Let p(c) = -10343627*c - 10343628. What is p(-1)?
-1
Let h(y) = -657*y**3 + 40*y**2 + 36*y - 2. What is h(-1)?
659
Let k(f) = 1004*f + 14118. Determine k(-14).
62
Let p(g) = g**3 - 301*g**2 + 13*g - 1730. Determine p(301).
2183
Let t(h) = h**2 + 720*h + 50648. Give t(-79).
9
Let i(q) = 17069*q - 1024088. Give i(60).
52
Let f(d) = -d**2 - 19629*d + 4668043. What is f(235)?
3
Let u(v) = 924*v - 86853. Give u(94).
3
Let z(f) = -f**2 - 84*f - 766. What is z(0)?
-766
Let u(l) = -2*l**3 - 110*l**2 - 319*l + 7. Determine u(-3).
28
Let h(s) = s**3 + 9*s**2 - 192*s - 28. What is h(10)?
-48
Let l(p) = -p**3 + 44*p**2 - 282*p - 256. Give l(36).
-40
Let a(z) = -z**2 - 364*z - 27811. Calculate a(-255).
-16
Let k(f) = 261*f - 5663. Calculate k(26).
1123
Let z(m) = -179*m + 4215. Calculate z(20).
635
Let i(g) = 5*g**2 - 108*g - 6590. Give i(-27).
-29
Let s(j) = j**3 - 38*j**2 + 391*j - 648. Calculate s(12).
300
Let j(a) = -24*a**2 - 2273*a + 4544. Calculate j(2).
-98
Let x(m) = -m**3 + 1171*m**2 - 264704*m + 12121. Determine x(865).
11
Let m(v) = -2004*v + 34429. Give m(17).
361
Let q(t) = 10*t**2 + 1026*t - 1333. Determine q(-104).
123
Let v(c) = 2*c**3 - 15*c**2 + 233*c + 87. What is v(-12)?
-8325
Let t(x) = -3*x**2 - 1909*x - 18960. Give t(-10).
-170
Let g(l) = 19*l**2 - 8*l + 5. Give g(-6).
737
Let c(z) = -z**3 - 10*z**2 + 194*z + 2044. What is c(-10)?
104
Let h(n) = 24*n**3 + 7*n**2 + 15*n - 16. Calculate h(-4).
-1500
Let a(l) = -13513*l - 67507. Calculate a(-5).
58
Let j(g) = -g**3 - 93*g**2 + 25*g + 1959. Give j(-93).
-366
Let w(z) = -8487*z - 50582. Give w(-6).
340
Let r(a) = 606*a - 14782. What is r(18)?
-3874
Let w(v) = -v**3 - 11*v**2 - 100*v + 385. What is w(3)?
-41
Let t(b) = b**3 - 5*b**2 - 125*b - 102. What is t(-14)?
-2076
Let m(t) = -2*t**3 - 230*t**2 - 2971*t + 3151. What is m(-16)?
-1
Let x(f) = 1373*f - 513490. Determine x(374).
12
Let d(z) = z**2 - 42*z + 217. Give d(48).
505
Let b(s) = -2*s**3 - 9*s**2 + 28*s + 370. Calculate b(-5).
255
Let w(c) = c**3 - 38*c**2 - 1690*c + 631. Determine w(64).
-1033
Let j(q) = 112*q**2 - 35*q + 246. Determine j(6).
4068
Let y(n) = -n**3 - 53*n**2 - 296*n + 25. What is y(-7)?
-157
Let c(i) = 104*i**3 + 15*i**2 + 158*i + 399. What is c(-3)?
-2748
Let u(k) = 6878*k - 137706. Give u(20).
-146
Let z(m) = m**3 - 4*m**2 - 79*m - 98. What is z(-6)?
16
Let s(p) = 861*p**2 - 26694*p + 93. Determine s(31).
0
Let k(a) = 1916*a + 628444. Determine k(-328).
-4
Let a(z) = 140*z**2 - 1638*z - 31. Calculate a(11).
-1109
Let u(z) = 1905*z + 55286. Determine u(-29).
41
Let a(o) = 98*o**2 - 679*o - 21. Calculate a(10).
2989
Let t(m) = -589*m**3 + 4*m**2 - 12*m - 11. What is t(-1)?
594
Let a(v) = -17*v**2 + 56*v + 34. Calculate a(5).
-111
Let o(k) = 7836*k + 203712. Determine o(-26).
-24
Let b(t) = 4*t**2 + 11414*t + 79713. Determine b(-7).
11
Let n(a) = -a**2 - 5525*a + 83083. Calculate n(15).
-17
Let d(a) = a**2 + 2554*a - 38546. What is d(15)?
-11
Let t(k) = -6*k**3 - 205*k**2 - 638*k - 1515. Calculate t(-31).
4
Let n(v) = -24